 5*s**2 + 3*s - 1. What is the hundreds digit of x(2)?
0
Let k = 1268 - 582. What is the tens digit of k?
8
What is the hundreds digit of 273112/280 + (-4)/10?
9
Let j = 3716 - 2621. What is the units digit of j?
5
Suppose -4850 = -127*v + 117*v. What is the units digit of v?
5
Suppose -5*q - 4*u + 9 = 0, -3*q - 5*u = q - 9. What is the tens digit of 88 - (0 + q + -2)?
8
Let z(x) = -x**2 + 4*x - 5. Let o be z(2). Let a(y) = 57*y**2 - 1. What is the units digit of a(o)?
6
Suppose -5*h + 5*u + 24 = -31, h + 3*u = -5. Let q = h - 3. Suppose 65 = f + q*f. What is the tens digit of f?
1
Suppose -4*q + 3*t = t + 118, -5*q + t - 149 = 0. Let a = q + 15. Let l = 51 + a. What is the tens digit of l?
3
Suppose 8*w - 1215 - 1361 = 0. What is the hundreds digit of w?
3
Suppose 3*a - 6*a = 4*g + 3, -12 = -2*a + 2*g. Suppose -19 = -4*y - a*t, -5*t + 17 = -3*y - t. What is the units digit of (3 - 165)/(-3)*y?
4
Let c = 12 - 8. What is the units digit of c/(-3) + (-1884)/(-36)?
1
Let i(r) = -117*r - 8. What is the tens digit of i(-9)?
4
Let c be 42*7/(21/20). Suppose 22*b - 20*b = c. What is the tens digit of b?
4
Suppose 3*l - l + 8053 = 5*h, 3*l = 5*h - 8057. What is the units digit of h?
9
Let b(m) = -6*m**3 - 9*m**2 + 15*m + 3. Let v(o) = 5*o**3 + 9*o**2 - 15*o - 3. Let r(j) = -4*b(j) - 5*v(j). What is the units digit of r(-11)?
0
Let g be (1 + -5)/(9/18). What is the units digit of (-8 - g) + 4*1?
4
Let g be (12 + -14)/((-2)/48). What is the tens digit of -2 - 61/(-4) - 12/g?
1
Suppose 4*x + 6 = 2, -4*x - 6824 = -5*j. What is the thousands digit of j?
1
Let t be (-2)/((-6)/9) + 0/(-8). Suppose -7*j = -t*j - 328. What is the tens digit of j?
8
Let b = -341 + 570. What is the units digit of b?
9
Let u(j) = 60*j - 3. Let y be u(-3). Let r = -54 - y. What is the units digit of r?
9
Suppose 18 = -3*b + 21. Let g(c) = 4. Let i(r) = r. Let m(q) = b*g(q) + 5*i(q). What is the tens digit of m(9)?
4
Let f(g) = g**3 - g**2 - 21*g + 11. What is the units digit of f(6)?
5
Let c(b) = -b**3 + 8*b**2 - 8*b + 3. Let j be c(7). Let q(r) = -2*r**2 + 3*r - 4. Let s be q(j). Let k = s - -90. What is the tens digit of k?
4
Suppose -c - 5*t + 10 = 46, -4*c - t - 87 = 0. Let s(f) = f**3 + 6*f**2 - 6*f - 2. Let n be s(-6). Let a = n + c. What is the tens digit of a?
1
Suppose 85 = 13*y + 20. Suppose -4*z + 5*c + 246 = 0, 0*z - y*c = 5*z - 330. What is the tens digit of z?
6
Let k be 1 - (-2 - (2 + -1)). Suppose -6 = -k*r + 10. Suppose 70 + 74 = r*c. What is the tens digit of c?
3
Suppose 11*d + 14020 = 47636. What is the thousands digit of d?
3
Suppose -2*h + 8*h = 36. Suppose 8 = 8*w - h*w. What is the units digit of w?
4
Let p(x) = 11*x**2 - 15*x + 33. What is the tens digit of p(2)?
4
Suppose -84*s = 5*o - 87*s - 5645, -3*o + s = -3383. What is the tens digit of o?
2
What is the units digit of (-8)/1 + (77 - -38)?
7
Suppose -6 + 3 = -u. Suppose q - 162 = -u*t, t + 4*q - 208 = -3*t. Suppose 5*r - 4*a + 5*a = t, -2*r - 3*a = -22. What is the tens digit of r?
1
Let p(j) = j + 2. Let n be p(3). What is the hundreds digit of (n + 0)*-1 + 315?
3
Let q(k) = -4*k**3 + 7*k**2 + k + 4. Suppose 2 = f - 0. Let c(v) = -3*v**3 + 6*v**2 + v + 3. Let h(s) = f*q(s) - 3*c(s). What is the tens digit of h(5)?
1
Let x be (6 - 4) + (-4)/((-8)/(-166)). Let s = x - -241. What is the hundreds digit of s?
1
Let p(c) = 29*c**3 + c**2 + 2*c - 2. Let z be p(1). Suppose l + 2*d = -0*d - 10, 3*l + z = -4*d. Let t = 31 + l. What is the tens digit of t?
2
Suppose 3*n = -5*n - 1216. Let z = -74 - n. Suppose -4*c + 187 = c + 2*x, -z = -2*c - 4*x. What is the units digit of c?
7
Let o = 2034 - 898. What is the units digit of o?
6
Suppose -7*d + 4*d + 18 = 0. Let y(m) = 12*m**2 - 1 + 11*m**2 - d*m**2. What is the units digit of y(1)?
6
Let a(h) = 120*h**3 + 1 - 2*h**2 + 122*h**3 - 237*h**3 + 4*h. What is the tens digit of a(2)?
4
Suppose 1135 = -4*l - 689. Let x = -314 - l. What is the hundreds digit of x?
1
Suppose 234336 = 43*h + 5*h. What is the thousands digit of h?
4
Suppose v - 3*v - 12 = 0. Let d = v - -6. Suppose -2*q - 51 + 135 = d. What is the units digit of q?
2
Let o(w) = w**2 + 8*w + 8. Let t be o(-4). Let p(x) = 5 + 17 + 2 + 2*x. What is the units digit of p(t)?
8
Let q = -15 + 15. Suppose o - 166 + 28 = q. What is the hundreds digit of o?
1
Let q = -129 + 418. What is the tens digit of q?
8
Let q = 72 - 32. Let d = q + -26. What is the units digit of d?
4
Let h be (18/14 - 1) + (-576)/7. Let l = h + 106. What is the tens digit of l?
2
Suppose 0 = -17*j + 41064 + 43035. What is the tens digit of j?
4
Suppose -2*z - 2*w = -352, 3*z - 325 - 198 = -2*w. What is the tens digit of z?
7
Let c(k) be the first derivative of -k**2/2 - 11*k + 6. Let a be c(-12). Suppose -55 = -2*l + a. What is the units digit of l?
8
Suppose -f + x + 2757 = 0, f + 11*x - 10*x - 2751 = 0. What is the thousands digit of f?
2
Let z(d) = d - 13. Let b be z(10). Let u = -2 - -3. Let y = u - b. What is the units digit of y?
4
What is the tens digit of 414/15*30/9?
9
Suppose 13*s = 2343 + 556. What is the hundreds digit of s?
2
Suppose -10*s + 2*s = -24. Suppose 2*g + 4*p = 392, -g + 5*p = s*p - 180. What is the tens digit of g?
8
Let p be 1*(1 - 1) - (10 + -196). Suppose -2*y + 550 = p. What is the units digit of y?
2
Suppose 10*x - 4388 - 582 = 0. What is the units digit of x?
7
Suppose -28 = 5*x - 203. Suppose -x + 5 = -5*k. Suppose -12 = 2*h - k*h. What is the units digit of h?
3
Suppose 4*m = 2*o - 1902, 4*o + 0*m = -3*m + 3837. What is the hundreds digit of o?
9
Let h = -449 - -900. What is the units digit of h?
1
Let n(z) be the first derivative of z**3/3 + 6*z**2 - 8*z + 6. Let l be n(-13). Suppose -3*u - 75 = -l*t, 5*t - 78 = -4*u - 3. What is the units digit of t?
5
Let s(d) = -d**3 + 9*d**2 - 3*d + 8. Suppose 9*h = 4*h + 50. Suppose 0 = u + 2*g - h, -2*g = -5*u + 23 + 15. What is the units digit of s(u)?
8
Let t be 28/84 - (-124)/6. What is the units digit of 28/t + 322/6?
5
Let b(r) = -r**3 + 9*r**2 - 4*r + 12. Suppose 16 = 2*a + 2*m + m, 24 = 3*a - 2*m. Let t be b(a). Suppose -t = -v - v. What is the tens digit of v?
2
Let r be 8/(-24) + (-1)/(-3). Suppose r = -12*i + 14*i - 80. What is the units digit of i?
0
Suppose 4*i - 935 = 6*i - 5*d, 0 = d - 5. Let j = i - -670. What is the hundreds digit of j?
2
Let u = 106 + -102. Suppose u = -a + 187. What is the tens digit of a?
8
Let z = 68 - -42. What is the tens digit of z?
1
Let x(p) = p**3 + 7*p**2 + 3*p + 5. Let f be x(-8). Let s = -51 - f. What is the units digit of s?
2
Let n(h) = 1 - 3 - 14*h + 3 + 6. Let b be n(-6). Suppose b = 5*p + 4*r, r + 0 = 4. What is the units digit of p?
5
Let q(r) = -2*r - 9. Let y be q(-4). Let d = 76 - 172. What is the units digit of (-4 + d)/(y + -1)?
0
Suppose 3*t = 5*o + 58, o + 2*o + 2*t = -50. Let v = 112 + o. What is the units digit of v?
8
Let x be (-11)/44 - 465/(-4). Suppose 0*a + 4*o = 4*a - x, a - 13 = -3*o. What is the tens digit of a?
2
Suppose -4*i - 3*c - 3 = 0, -16 = 3*i + 2*c + 3*c. Let p(a) = 45*a - 2. Let q be p(i). Suppose -4*r = 9 - q. What is the units digit of r?
1
Let x be 2*-3*(-10)/(-15). Let s = x - -4. Suppose 3*c - u - 12 = s, 5*c - 5 = 3*u + 19. What is the units digit of c?
3
Suppose 88*x - 95*x + 8708 = 0. What is the tens digit of x?
4
Suppose -3 = 4*f - 19. Suppose a + 2*l - 91 = 0, 0 = -f*a + l - 2*l + 385. What is the units digit of a?
7
Suppose 5*n = 5, 5*q - 2*n + 32 = -0. Let t(l) = l**3 + 7*l**2 + 2*l + 6. What is the units digit of t(q)?
0
Let f(d) = -d**3 + 8*d**2 - 12*d + 2. Let j be f(6). Suppose -3*q - 46 = j*k - 183, -3*q = 3*k - 141. What is the tens digit of q?
4
Suppose -25*u - 280 = -33*u. Suppose 15 - 32 = -v - 4*m, -5*m + u = 4*v. What is the units digit of v?
5
Let o be 0 + (3 - 0) + 3. Let w = -8 + o. Let q = 7 - w. What is the units digit of q?
9
Let x(y) be the first derivative of 9*y**2/2 + 133*y + 21. What is the hundreds digit of x(0)?
1
Suppose -3*p = k - 14, -5*p + 5*k + 6 = -p. Let s = p - -9. What is the tens digit of s?
1
Let n = 3 + 3. Suppose 2*i - 4*i - n = 0. What is the units digit of 13 - 2*i/2?
6
Suppose 85 = -a - 2. Let l = -58 - -213. Let w = l + a. What is the tens digit of w?
6
Let g = 6821 - 3357. What is the units digit of g?
4
Suppose -3*s - 24*n + 28*n + 